e the prime factors of 14722038?
2, 3, 817891
List the prime factors of 11496960.
2, 3, 5, 499
List the prime factors of 745510.
2, 5, 74551
What are the prime factors of 37670?
2, 5, 3767
What are the prime factors of 2493942?
2, 3, 11, 29, 1303
List the prime factors of 15787722.
2, 3, 863, 3049
List the prime factors of 105110.
2, 5, 23, 457
What are the prime factors of 646991?
646991
What are the prime factors of 504419?
509, 991
List the prime factors of 7066855.
5, 1413371
What are the prime factors of 13501037?
11, 29, 42323
What are the prime factors of 171068?
2, 42767
List the prime factors of 366728.
2, 45841
List the prime factors of 1579586.
2, 789793
List the prime factors of 3531859.
521, 6779
What are the prime factors of 139477?
13, 10729
List the prime factors of 2073809.
2073809
What are the prime factors of 30307584?
2, 3, 19, 31, 67
What are the prime factors of 5267635?
5, 151, 6977
List the prime factors of 414412.
2, 313, 331
What are the prime factors of 477471?
3, 159157
List the prime factors of 2109169.
23, 91703
What are the prime factors of 1411453?
19, 74287
What are the prime factors of 156428?
2, 39107
What are the prime factors of 4001531?
4001531
List the prime factors of 1477344.
2, 3, 11, 1399
List the prime factors of 1502562.
2, 3, 17, 14731
What are the prime factors of 836500?
2, 5, 7, 239
List the prime factors of 203745.
3, 5, 17, 47
What are the prime factors of 53088?
2, 3, 7, 79
What are the prime factors of 3367669?
3367669
List the prime factors of 97175.
5, 13, 23
List the prime factors of 5232286.
2, 2616143
What are the prime factors of 2630156?
2, 657539
List the prime factors of 2369311.
7, 338473
List the prime factors of 46453.
11, 41, 103
List the prime factors of 274056.
2, 3, 19, 601
What are the prime factors of 139055?
5, 7, 29, 137
List the prime factors of 523059.
3, 79, 2207
List the prime factors of 457501.
11, 19, 199
List the prime factors of 1659091.
7, 691
What are the prime factors of 704403?
3, 7, 3727
List the prime factors of 365044.
2, 263, 347
List the prime factors of 2955515.
5, 113, 5231
List the prime factors of 41078.
2, 19, 23, 47
List the prime factors of 5575632.
2, 3, 116159
List the prime factors of 11946838.
2, 379, 15761
What are the prime factors of 2793459?
3, 931153
What are the prime factors of 2426057?
2426057
What are the prime factors of 2265868?
2, 11, 23, 2239
List the prime factors of 221464.
2, 19, 31, 47
List the prime factors of 9723225.
3, 5, 129643
List the prime factors of 11884927.
173, 68699
What are the prime factors of 23851727?
23851727
What are the prime factors of 405394?
2, 11, 18427
What are the prime factors of 2688255?
3, 5, 19913
List the prime factors of 1167653.
1167653
List the prime factors of 298534.
2, 61, 2447
List the prime factors of 9374567.
359, 26113
List the prime factors of 222368.
2, 6949
What are the prime factors of 322230?
2, 3, 5, 23, 467
List the prime factors of 15214181.
15214181
What are the prime factors of 469560?
2, 3, 5, 7, 13, 43
What are the prime factors of 8700659?
11, 790969
List the prime factors of 391532.
2, 97883
List the prime factors of 80525.
5, 3221
What are the prime factors of 6336469?
83, 76343
List the prime factors of 410511.
3, 193, 709
What are the prime factors of 74342?
2, 37171
List the prime factors of 6309694.
2, 113, 27919
What are the prime factors of 2542795?
5, 508559
List the prime factors of 341929.
7, 48847
List the prime factors of 1268834.
2, 7, 90631
What are the prime factors of 1543963?
439, 3517
List the prime factors of 199643.
181, 1103
What are the prime factors of 1629498?
2, 3, 13, 1607
What are the prime factors of 4745?
5, 13, 73
List the prime factors of 3283716.
2, 3, 273643
List the prime factors of 22317.
3, 43, 173
List the prime factors of 33065838.
2, 3, 13, 141307
List the prime factors of 9354.
2, 3, 1559
List the prime factors of 379630.
2, 5, 37963
List the prime factors of 8587710.
2, 3, 5, 95419
List the prime factors of 271250.
2, 5, 7, 31
What are the prime factors of 46597?
17, 2741
What are the prime factors of 14528759?
7, 2075537
What are the prime factors of 27406451?
101, 271351
What are the prime factors of 79688?
2, 7, 1423
List the prime factors of 5745284.
2, 101, 14221
What are the prime factors of 1014426?
2, 3, 7, 83, 97
List the prime factors of 29014934.
2, 13, 85843
List the prime factors of 5011454.
2, 7, 311, 1151
List the prime factors of 12047104.
2, 47059
List the prime factors of 133120.
2, 5, 13
What are the prime factors of 3540156?
2, 3, 19, 15527
List the prime factors of 208463.
208463
List the prime factors of 10655518.
2, 59, 73, 1237
What are the prime factors of 1340789?
1340789
What are the prime factors of 60588?
2, 3, 11, 17
List the prime factors of 441041.
441041
What are the prime factors of 27367377?
3, 41, 222499
List the prime factors of 15765394.
2, 7882697
List the prime factors of 5949336.
2, 3, 247889
What are the prime factors of 758307?
3, 11, 2089
List the prime factors of 557015.
5, 101, 1103
List the prime factors of 2982995.
5, 596599
What are the prime factors of 891591?
3, 31, 9587
What are the prime factors of 43481?
43481
List the prime factors of 194833.
23, 43, 197
What are the prime factors of 1624787?
101, 16087
What are the prime factors of 127202?
2, 63601
What are the prime factors of 324256?
2, 10133
List the prime factors of 7433208.
2, 3, 11471
List the prime factors of 8819772.
2, 3, 13, 4349
What are the prime factors of 688828?
2, 7, 73, 337
List the prime factors of 385167.
3, 128389
List the prime factors of 320547.
3, 59, 1811
List the prime factors of 9676638.
2, 3, 17, 83, 127
What are the prime factors of 20107065?
3, 5, 11, 31, 3931
List the prime factors of 634060.
2, 5, 7, 647
What are the prime factors of 496531?
7, 89, 797
List the prime factors of 6270225.
3, 5, 13, 59, 109
List the prime factors of 1341426.
2, 3, 179, 1249
List the prime factors of 132301.
13, 10177
List the prime factors of 6999263.
6999263
List the prime factors of 459688.
2, 37, 1553
What are the prime factors of 4755775?
5, 181, 1051
List the prime factors of 627677.
683, 919
List the prime factors of 128793.
3, 7, 6133
What are the prime factors of 277356?
2, 3, 29, 797
What are the prime factors of 33631876?
2, 8407969
What are the prime factors of 7462915?
5, 17, 19, 4621
List the prime factors of 94938.
2, 3, 15823
List the prime factors of 2124146.
2, 1062073
What are the prime factors of 3049866?
2, 3, 56479
What are the prime factors of 182873?
23, 7951
List the prime factors of 12886.
2, 17, 379
List the prime factors of 103144.
2, 12893
List the prime factors of 331763.
103, 3221
List the prime factors of 1318750.
2, 5, 211
List the prime factors of 10826307.
3, 23, 52301
List the prime factors of 24645119.
103, 239273
What are the prime factors of 1549320?
2, 3, 5, 12911
List the prime factors of 24634.
2, 109, 113
List the prime factors of 18371227.
7, 23, 16301
What are the prime factors of 312318?
2, 3, 17351
List the prime factors of 672903.
3, 7, 11, 971
List the prime factors of 747933.
3, 249311
What are the prime factors of 3464370?
2, 3, 5, 7, 13, 47
What are the prime factors of 20338587?
3, 67, 11243
What are the prime factors of 209238?
2, 3, 43, 811
List the prime factors of 13615896.
2, 3, 7, 81047
List the prime factors of 4136430.
2, 3, 5, 173, 797
What are the prime factors of 1011681?
3, 11, 929
What are the prime factors of 927656?
2, 17, 19, 359
What are the prime factors of 17957770?
2, 5, 1795777
List the prime factors of 46111.
13, 3547
What are the prime factors of 55259?
55259
What are the prime factors of 318132?
2, 3, 8837
What are the prime factors of 132112?
2, 23, 359
List the prime factors of 12643635.
3, 5, 313, 2693
What are the prime factors of 117883?
117883
What are the prime factors of 1361969?
7, 103, 1889
List the prime factors of 1526060.
2, 5, 76303
List the prime factors of 719119.
719119
What are the prime factors of 398431?
11, 29, 1249
List the prime factors of 8982662.
2, 13, 345487
What are the prime factors of 3186062?
2, 11, 97, 1493
List the prime factors of 56617.
11, 5147
What are the prime factors of 1562556?
2, 3, 59, 2207
List 